2. What is p(3)?
38
Suppose -312 = -7*t - t. Let m = t + -34. Let i(n) = -n**2 + 6*n - 4. Give i(m).
1
Let l = -172 + 177. Let j(a) be the third derivative of -a**5/60 + a**4/12 + a**3/6 - 4*a**2 - 2. Give j(l).
-14
Let m(i) be the first derivative of -i**4/4 + 8*i**3/3 - 11*i**2/2 + 23*i - 2179. Calculate m(7).
-5
Suppose -3*h - 2*l = l - 6, 0 = 3*h - 3*l. Let j(s) be the third derivative of -13*s**5/30 - s**3/6 + 112*s**2. What is j(h)?
-27
Let b(v) = 3*v**2 + 5*v**2 - v**3 + 8 - 8*v - 5*v. Suppose 588*h = -1005 + 4533. Calculate b(h).
2
Let k(o) be the first derivative of -33 - o + 5/4*o**4 + 1/3*o**3 - 1/2*o**2. Calculate k(-1).
-4
Let j = -203 - -206. Let k(b) = -2*b**3 - 4 - 16*b**j + 19*b**3 + 13*b - 13*b**2. Determine k(12).
8
Let j(r) be the second derivative of -r**5/20 + r**4/12 + r**3/3 - 1249*r. Give j(-3).
30
Let h(m) = m**2 - 8*m**2 + 3 + 10*m**2 - 18*m + 26*m + 17. Determine h(-4).
36
Let d(p) = -p. Suppose 2*s = j - 7, s - 3*j + 1 = 5. Give d(s).
5
Let t(q) be the first derivative of q**3/3 + 10*q**2 + 66*q + 8885. Calculate t(-15).
-9
Let t = -126 + 129. Let x(d) = -57*d**3 + 109*d**t + 9 - 8*d - 53*d**3 + 8*d**2. Give x(7).
2
Let o(n) = n**2 - n - 1. Let c be (4/(-3) + 2)*6*1. Suppose -2*r - 10 = -f, -5*f + r + c*r = -30. Suppose w - 5 = -f. Determine o(w).
5
Let s(a) = a**3 - 12*a**2 - 9*a + 1. Suppose -14 = -10*z + 106. Let i be s(z). Let u = i + 105. Let r(x) = -2*x**3 - x**2 + x - 1. Determine r(u).
9
Suppose 352*l + 36 = 356*l. Let y be (-4)/((-18)/l) - (1 - -4). Let m(k) = -k - 4. Give m(y).
-1
Let m(b) = -b**2 - 7*b - 7. Let g(q) = -70*q - 1. Let t be g(1). Let a = t + 71. Suppose 5*v + 39 - 9 = a. Calculate m(v).
-1
Let q(h) = -6*h**3 + 2*h**2 + 19*h + 5. Let c(t) = -t**3 - t**2 + t - 2. Let m(a) = 5*c(a) - q(a). Give m(9).
21
Let w(q) = 345*q - 23 + 23*q**2 + 18 - 4*q**3 + 17 + 2*q**3 - 334*q. Calculate w(12).
0
Let z(n) = -6*n**2 - 35*n - 12. Suppose 41*p - 94 + 434 = -27*p. Calculate z(p).
13
Let h(u) be the second derivative of 5*u**3/3 - 25*u**2/2 + 1650*u. Calculate h(4).
15
Suppose -34 = -7*h + 36. Let y(z) = -5 + 28*z - 2*z**2 - h - 13 + 19. Let d be y(14). Let k(t) = t**3 + 9*t**2 + t + 5. Determine k(d).
-4
Let d(w) be the second derivative of w**6/720 - w**5/24 - w**4/12 + 5*w**2/2 - 2*w - 67. Let f(x) be the third derivative of d(x). Give f(6).
1
Let x(p) = 43*p**2 - 611 - 22*p + p**3 - 10*p**2 + 622 - 14*p**2. What is x(-20)?
51
Suppose 0 = -o + 3*j + 6 - 7, -j = -3*o + 37. Let g(v) = -8 + 2*v + o - 3*v + 2*v. What is g(-6)?
0
Suppose 3*g + 10 = 4. Let m(h) = -h**3 - 2*h**2 - 4*h - 5. Let r be m(g). Let u(y) = -y + 3. Determine u(r).
0
Let h(r) = r**2 - 2*r + 3. Suppose 355 = -t + 360. Suppose 14 = 3*w + t. Calculate h(w).
6
Let v(w) = 6*w - 5*w**2 - 3*w + 2*w. Let p(q) = 28*q - 2. Let m(h) = 2*h**2 - 14*h + 1. Let k(c) = 7*m(c) + 3*p(c). Let b(x) = 4*k(x) + 11*v(x). Give b(-3).
16
Let j(g) be the second derivative of -11*g**2 - 11*g + 0 - 1/6*g**4 - 7/6*g**3. Let r(l) be the first derivative of j(l). Determine r(-5).
13
Let u(s) = -s**3 - 18*s**2 - 34*s - 4. Suppose 4*i = 3*i + 3*b - 18, -2*i - 27 = 3*b. What is u(i)?
-169
Suppose -92*r + 87*r + 5*h = -55, -r - 5*h - 13 = 0. Let c(k) = 2*k - 2*k + k**2 + 3 - 4*k. Give c(r).
24
Let i(j) = -j + 1. Let p be -5 + 686/63 + 4/36. Calculate i(p).
-5
Let o(k) = 3*k**3 - k**2 + 16*k + 15. Let u(m) = 8*m + 2*m**3 + 5 - 1 + 4. Let q(a) = 3*o(a) - 5*u(a). Let j = 647 + -652. Give q(j).
15
Let k(u) = -u**2 - 19*u + 70. Let x be (1 - (4 - 9))/(2 + 0). Calculate k(x).
4
Let o = -781 + 784. Let a(w) = -5*w**2 + 2*w + 1. Let b(c) = -25*c**2 + 11*c + 4. Let u(r) = -11*a(r) + 2*b(r). Determine u(o).
42
Let d(l) = -5*l**2 - 25*l - 112. Let y(i) = i**2 + i + 4. Let t(j) = d(j) + 4*y(j). Determine t(-13).
8
Let l(b) = 2*b**2 + 22*b + 45. Let s(w) = 3*w**2 - 27*w - 165. Let i be s(13). Calculate l(i).
9
Let b(m) = 3*m**2 + 2*m + 2. Let f = 201 - 168. Suppose 11*n = 22*n + f. Determine b(n).
23
Let x(w) = -2*w + 6. Let a be ((-8)/(-12))/((-8)/(-444)). Suppose -49 = s + y, 4*s - 5*s = -3*y + a. Let t = s + 50. Determine x(t).
-2
Let q = 2 - 3. Let f(j) be the second derivative of -5*j**3/6 - j**2/2 + 218*j - 110. Calculate f(q).
4
Let d be (-30)/5 - (2 + 5 - 1). Let l(q) = q**2 + 14*q + 22. Give l(d).
-2
Let f(j) = -114*j**2 + 7 + 3*j + 113*j**2 + 39 + 22 + 14. What is f(11)?
-6
Let r(p) = -2*p**2 - 7*p. Suppose 5*g - 2 = 18. Suppose 3*u = 3*s + 30, -5*s - g*u - 15 = -10. Calculate r(s).
-15
Let n(m) be the second derivative of 2*m**4/3 + 43*m**3/2 + 19*m**2/2 + 7*m - 12. Let v be n(-16). Let q(l) = -l**2 - l + 1. What is q(v)?
-11
Let z(s) = 13*s**3 - 29*s**2 - 6*s + 32. Let i(b) = -21*b**3 + 44*b**2 + 8*b - 48. Let u(l) = -5*i(l) - 8*z(l). What is u(-11)?
17
Let r = 56 - 55. Suppose -2*u + 3*k + 8 - 1 = 0, 5*k = -2*u - r. Suppose -v + u*v = -6. Let s(t) = 2*t + 4. Calculate s(v).
-8
Let z be (1/2)/(3/(-60)*-5). Let t(d) = -12 - z*d + 4 + d**2 + 2 + 7. Calculate t(3).
4
Suppose -2*w - 7 + 17 = 0. Suppose -3*b - 5 = w*u, -2*b = 4*u - u + 4. Let l(j) = -3 - j**2 + 7 + j**3 + j + 12 + 2*j**u. Calculate l(0).
16
Let y = -46 + 52. Let b(l) = -7*l**2 + l**3 + 587 - 294 + 6*l - 287. What is b(y)?
6
Let d(u) = -u + 19. Let a = 2178 - 2168. Give d(a).
9
Let q(d) be the third derivative of d**7/2520 + 23*d**6/720 - 149*d**5/60 + 61*d**2. Let r(g) be the third derivative of q(g). Calculate r(-10).
3
Let p = -4979 + 4981. Let l(v) = -4*v - 4. Let m(y) be the third derivative of -5*y**4/24 - y**3/2 + y**2. Let r(b) = p*l(b) - 3*m(b). Determine r(-1).
-6
Let q be (-6)/(-93) - 34/527. Let c(g) = -2*g + 5 - 2 - 2. Calculate c(q).
1
Let t(b) be the first derivative of -3*b**5/20 - b**4/12 + b**3/2 + 11*b**2/2 + 5*b + 126. Let m(r) be the second derivative of t(r). What is m(1)?
-8
Let q(u) = -11*u**2 - 14*u + 8. Let m(l) = -5 + 1 + 3 - 2 + l. Let y be m(6). Let n(k) = 4*k**2 + 5*k - 3. Let i(d) = y*q(d) + 8*n(d). Determine i(-2).
0
Suppose -n - 3*i = 15, -n + 5*i + 14 = n. Let a be -2 - n - (-2 - -1). Let b(r) = -12 - 1 + 13 + 2*r**2. What is b(a)?
8
Suppose 0 = -20*o + 54 + 6. Let y(w) = w**2 - 2 - 18*w + 2*w**2 + 15*w. Give y(o).
16
Let u(a) = -3*a. Let z(f) = -f**3 + 20*f**2 + f - 23. Let r be z(20). Let c be -5*14/(-105)*r/(-2). Give u(c).
-3
Let s(n) = -834*n + 9180. Let c be s(11). Let v(m) = m**3 - 9*m**2 + 6*m + 6. Determine v(c).
-66
Let r(o) be the first derivative of o**2/2 + 14*o - 14. Let v be r(-6). Suppose -v*y + 3*y + 30 = 0. Let l(n) = n**3 - 5*n**2 - 5*n - 3. Give l(y).
3
Let b(d) = -3*d + 450. Let j(m) = m - 218. Let c(x) = -14*b(x) - 30*j(x). Give c(-20).
0
Let j(n) = 199*n - 102*n + 7 + 5*n**2 - 101*n - 7*n**2. Calculate j(2).
-9
Let h(j) = 3 - 3*j**3 + 3580*j - 3576*j - 3*j**2 + 6*j**2. Give h(-2).
31
Let n(q) be the first derivative of 9*q**2/2 + 19*q - 3168. Calculate n(6).
73
Let o(a) = 2*a**2 - 6*a + 25. Let f(h) = 4*h**2 - 9*h - 180. Let r be f(8). Calculate o(r).
33
Suppose -3*w + 2*w = 4*g - 12, 5*g = -5*w. Let f(o) = 229*o + o**3 - 229*o - 4*o**2 + g. Suppose -2*n + 0*n - 5*b + 1 = 0, 10 = 4*n + 2*b. Give f(n).
-5
Let g(h) = -5*h. Let x(y) = -10*y + 1. Let v(p) = 11*g(p) - 6*x(p). Suppose -18*z + 23 + 85 = 0. Give v(z).
24
Suppose -3*v - 11 = -4*b, -8 + 3 = -2*b + v. Suppose -14 = 2*w + b. Let c(y) = 5*y + 6 + 5*y - 2*y + 17*y**2 - 16*y**2. Determine c(w).
6
Let d(x) = -x**2 + x**3 + 93*x + 97*x - 178*x. Let b be d(0). Let p(l) be the third derivative of -l**5/60 - 5*l**3/6 - 2*l**2. Calculate p(b).
-5
Suppose -10*w = -28 - 2. Suppose -2*g - l = -0*g - w, 3*l = -g - 6. Let h(c) = 3 + c**3 - 4*c + 0*c**3 - 2*c**2 + c**2. What is h(g)?
9
Suppose -5*d - 29 = -3*y, 0*y - 5 = -3*y - d. Let c(t) = -6*t - 3*t + 2244 - 558 - 564 - 560 - 561. What is c(y)?
-26
Suppose -3*t - 2*w = -31, 0 = t - w - 7 + 5. Let s(y) = t*y + 2*y + 3*y - 118 + y + 121. Give s(2).
29
Let q(s) = -3*s**2 + 4*s - 9. Let f(d) = 9*d**2 - 14*d + 26. Let o(k) = -6*f(k) - 17*q(k). Let j be o(5). Let g(n) = 5*n**2 - 2*n + 2. Calculate g(j).
18
Let u(j) = j**3 - 8*j**2 + 8*j + 7. Suppose 0 = -9*r - 4*m + 80, -3*r + 170*m - 168*m + 20 = 0. Calculate u(r).
71
Let s = -407 - -412. Let c(o) = 11 - 9*o + 10*o - s - 7. What is c(-6)?
-7
Let y(w) = 19*w - 92 - 23*w + 17*w - 2*w**2 + 30*w + 14*w. Calculate y